ds digit of h?
6
Suppose -38*j + 410 = -8. Let o(y) = 5*y**2 - 4*y + 12. What is the hundreds digit of o(j)?
5
Let c = 16540 + -11624. What is the units digit of c?
6
Let o(h) = 203*h**2 + 29*h + 20. What is the tens digit of o(6)?
0
Let w = -24096 + 48733. What is the tens digit of w?
3
What is the units digit of -5 + -6 + 6 + 16804?
9
Suppose 73 = 11*d + 513. What is the thousands digit of ((-10912)/d)/((-1)/(-5))?
1
Let a(s) be the second derivative of s**6/120 + 7*s**4/24 - 17*s**3/6 + 23*s. Let z(o) be the second derivative of a(o). What is the tens digit of z(-6)?
1
What is the hundreds digit of 5857 + (-9 - (11 + -6))?
8
Suppose -6*s + 56319 = o, -5*o + 4*s + 421938 - 140615 = 0. What is the units digit of o?
1
Let t(y) = 17*y**2 - 59*y - 18. Let l be t(13). Suppose l + 2742 = 10*r. What is the units digit of r?
3
Suppose -17*c = -10*c + 92*c - 281556. What is the hundreds digit of c?
8
What is the units digit of 8 + (7542 - (-56)/8)?
7
Suppose 27 = 5*n - 78. Suppose -2*l = -3*k - 19, -3*k - l = -4*l + n. What is the units digit of 215*(9 + k + -3)?
5
Let c(p) be the second derivative of -2*p**3/3 - 17*p. Let h be c(-1). Suppose 3*d - h*y - 133 = -0*y, 3*y = -3*d + 126. What is the tens digit of d?
4
Suppose 0 = 6*k - 3*k - 0*k. Suppose k = -0*g + 14*g - 10878. What is the hundreds digit of g?
7
Let m = 7458 + -3462. What is the units digit of m?
6
Let n(z) be the second derivative of -7/3*z**3 - 2*z - 5/2*z**2 + 1/12*z**4 + 0. What is the tens digit of n(21)?
4
Suppose -v = 4*k + 2*v - 2753, 3*k - 2081 = v. Let f be (9/(-18))/((-2)/k). Suppose f = p + 47. What is the tens digit of p?
2
Let o(v) = v**2 - 8*v - 43. Let a be o(12). Suppose 4*h - 5*p = 5*h - 211, -a*h - p = -1103. What is the units digit of h?
1
What is the hundreds digit of 2704/(-4)*(-53)/4?
9
Let g(v) = -5*v**3 - 61*v**2 + 24*v + 36. What is the hundreds digit of g(-16)?
5
Let f = -30629 - -66758. What is the thousands digit of f?
6
Let b(u) = 201*u + 224. What is the units digit of b(11)?
5
Let d(x) = -x**2 + 23*x + 35. Let n be d(23). Suppose -n*r = -34*r - 6. What is the hundreds digit of (-774)/(-3) - (0 + (r - 2))?
2
Let v = 26881 + 1677. What is the units digit of v?
8
What is the units digit of 9885/1 - ((-117)/(-24) + 19/152)?
0
Let c(z) = 247*z - 21. Let r(q) = 245*q - 22. Let a(w) = 4*c(w) - 5*r(w). What is the tens digit of a(-7)?
8
Let w be 0/(-5 + 2) - -740. Let j = -447 + w. What is the hundreds digit of j?
2
Suppose -w - 1 + 8 = 0. Suppose b - w*b = -12. Suppose b*r - 550 = -r - 2*q, 5 = q. What is the tens digit of r?
8
Suppose q + k = 20474, 28*k + 12 = 24*k. What is the ten thousands digit of q?
2
What is the units digit of ((-2)/5)/((-40)/2373400)?
4
Let s = 7442 + -2822. Suppose -24*g + s = 6*g. What is the tens digit of g?
5
Let j(y) = -91*y**2 - 8 + 185*y**2 + 15*y - 92*y**2. What is the tens digit of j(13)?
2
Suppose -2*s = -10 - 2. Let q(x) = 61*x - 20*x + 27 - 28*x. What is the tens digit of q(s)?
0
What is the units digit of 627/57 - (-12*5107)/4?
2
Let b(w) = -w**2 - 2*w - 94. Let y be b(0). Let z = 434 + y. What is the units digit of z?
0
Let y(s) = -59*s + 4. Let l = 369 + -375. What is the hundreds digit of y(l)?
3
Let j(i) = 199*i + 1258. What is the units digit of j(5)?
3
Let d = -6424 - -6382. Suppose -2*q + 2*z = 3*q, 0 = -2*q + 5*z + 21. What is the units digit of (-12159)/d + (-1)/q?
0
Suppose -72 = 2*f + o, -152 = 5*f + 2*o + 27. Suppose -3 = 2*t - 3*t, 4*p - 3*t - 339 = 0. Let a = f + p. What is the tens digit of a?
5
Let b = 52190 - 29859. What is the ten thousands digit of b?
2
Suppose 0 = -t + 6 - 10. What is the hundreds digit of (-522)/(-52)*22 + t/(-26)?
2
Suppose 3*v = 4*a - 1790, 4*a - 5*v = 217 + 1569. Let u = a + 312. What is the units digit of u?
1
Suppose 4*h - 4298 = k, 3*h - 5278 + 2057 = 2*k. Let y = -535 + h. What is the units digit of y?
0
Suppose -15*k - 127803 = -360033. What is the ten thousands digit of k?
1
Suppose -166 + 168 = t. Let x = -4 + t. What is the units digit of (0 - (-1)/x)*-114?
7
Let t(r) = 6*r**2 - 14*r + 5. Let d be t(8). Suppose -o - 2*z + d = 0, -4*o + 950 = 5*z - 167. What is the hundreds digit of o?
2
Let d = 69617 - -2628. What is the units digit of d?
5
Let v(x) = -x**2 - 49*x - 3281. Let i(k) = -17*k - 1094. Let r(f) = -7*i(f) + 2*v(f). What is the tens digit of r(0)?
9
Let r(m) = 36*m**2 + 4. Let y be r(-2). Suppose -y = 6*p - 376. What is the units digit of p?
8
Suppose -3*f - 45791 = 119*q - 123*q, 5*q - 5*f - 57245 = 0. What is the units digit of q?
4
Let r(t) = -t**3 - 8*t**2 - 11*t - 23. Let s be 35/((-10)/(-2))*-1. Let w be r(s). Suppose w*y = -11*y + 3072. What is the units digit of y?
2
Let b(v) = 2*v**2 + 25*v - 10. Let l be -5 + (0 - 1 - 7). Let u be b(l). Suppose -63 + u = -2*f. What is the units digit of f?
0
Suppose 78636 + 11580 = 72*a. What is the thousands digit of a?
1
What is the ten thousands digit of (-568 - 120560)/(-3 + 1)?
6
Let y(d) = 28*d**2 - 22*d - 18. Let n(c) = -9*c**2 + 7*c + 6. Let a(b) = -16*n(b) - 5*y(b). Let v be -1 + -6 + 12/(0 + 6). What is the units digit of a(v)?
4
Suppose 15*p - 185 = 20*p. Let k = 39 + p. Suppose 472 = -2*y + 6*y - q, 0 = 2*y - k*q - 230. What is the hundreds digit of y?
1
Suppose 79*r - 372 = 76*r. Let q = 361 - r. What is the hundreds digit of q?
2
Let q(g) = 4982*g**2 - 54*g - 58. What is the thousands digit of q(-1)?
4
What is the hundreds digit of -28*12/(-84)*(-1319)/(-4)?
3
Let r(i) = -i**3 - 2*i**2 + 2*i. Let w(g) = -g**3 + 3*g**2 + 15*g + 10. Let n(u) = r(u) + w(u). What is the hundreds digit of n(-5)?
2
What is the hundreds digit of (4565/15)/(4/12)?
9
Let g be (-21)/14*(3 - -1). Let i(d) = 12*d - 9 - 14*d - 11 - 12*d. What is the tens digit of i(g)?
6
Let t be 11/(-66) + 2 + (-31)/(-6). Suppose 0 = -t*i + 1456 + 294. What is the units digit of i?
0
Let d(b) = b**3 + b**2 - b + 1. Let t be d(1). Let x be (8/6)/(t/3). Suppose -x*u + 7*u - 615 = 0. What is the units digit of u?
3
Let b be (1 + -2 - -6)/(1/2). Suppose 9*f + 9 = b*f. What is the hundreds digit of (-1)/f - 2828/(-18)?
1
Suppose i + 39 = -1. Let a be -2 + 7/((-35)/i). Suppose -c + 5*h - a*h = -66, -3*h = -3*c + 222. What is the units digit of c?
0
Let p = -153 - -148. Let l(f) be the second derivative of -5*f**3/6 - 3*f**2/2 - 4*f. What is the units digit of l(p)?
2
Let r(x) = 92*x**2 + 63*x + 286. What is the units digit of r(-6)?
0
Let i = 477 - 432. Let w = i - -550. What is the tens digit of w?
9
Let w be (2 - 1)*-19*-1. Let p = 177 - 176. What is the units digit of (w/38)/(p/70)?
5
Suppose 4*b - 9 = -4*q + 7*q, -5*b - 2*q = -40. Suppose -5*j + 221 = -259. Let c = j - b. What is the units digit of c?
0
Suppose -2*m - 50 = -5*m + 2*z, 4 = -z. Let l be (-43)/3 + m/6 + -3. What is the tens digit of -20*(l/6 - 3)?
1
Suppose 4*r + 5*c = 25, 2*c = -3*r + 3*c + 14. Let j be (24/(-9))/4*17754/(-44). Suppose -3*n - p + j = -0*n, -4*n + r*p = -327. What is the units digit of n?
8
Let i(b) = b**2 - 18*b + 4. Let m be i(13). Let a = m - -61. Let r(j) = j**3 - j**2 - 3*j + 105. What is the tens digit of r(a)?
0
Let j(z) = -z**2 + 94*z - 588. What is the tens digit of j(37)?
2
Let k(h) = -1844*h - 6153. What is the tens digit of k(-13)?
1
Suppose -171283 - 1044139 = -71*x + 4393294. What is the tens digit of x?
9
Suppose 22*m + 4*m - 13*m - 297635 = 0. What is the tens digit of m?
9
Suppose 5*c = 2*s + 7 + 6, -2*c - s + 7 = 0. Let d be (c/2)/((-1)/6*-3). What is the units digit of 95 + 8*d/(-6)?
1
Let z(s) = -410*s - 817. What is the tens digit of z(-14)?
2
Suppose -76 = -14*d + 50. Suppose d*l + 639 = 12*l. Suppose -2*c + l + 29 = 0. What is the hundreds digit of c?
1
Suppose -95*p = -91*p - 25228. Suppose 56*a - 3*a = p. What is the hundreds digit of a?
1
Let p be (-15)/(-6) + 464/(-32). Let a(b) = 14*b**2 + 33*b + 204. What is the hundreds digit of a(p)?
8
Let t = -913 + 392. Let k = 732 + t. What is the tens digit of k?
1
Suppose -25 = -29*l + 120. Suppose -2*u - 3172 = -5*w, 5*u = 6*w - l*w - 639. What is the tens digit of w?
3
Let h(i) = 60*i - 24. Let r be h(-4). Let t = r - -286. What is the tens digit of t?
2
Let n be (7/1 + 8)*2/(-3). What is the hundreds digit of 1*(628/(-10))/(4/n)?
1
Let w(o) = 532*o**2 + 6. Let q be w(-3). Suppose -200*m = -206*m + q. 